{"id":50,"date":"2011-10-26T09:39:36","date_gmt":"2011-10-26T08:39:36","guid":{"rendered":"http:\/\/etude.aellen.org\/?page_id=50"},"modified":"2025-01-20T09:12:37","modified_gmt":"2025-01-20T08:12:37","slug":"accueil","status":"publish","type":"page","link":"https:\/\/www.etudeconcert2.ch\/","title":{"rendered":"\u00c9tude du Concert"},"content":{"rendered":"<div class=\"wp-block-image\">\n<figure class=\"alignleft size-full is-resized\"><img loading=\"lazy\" decoding=\"async\" width=\"320\" height=\"320\" src=\"https:\/\/www.etudeconcert2.ch\/wp-content\/uploads\/IMG_8762-2.jpg\" alt=\"\" class=\"wp-image-3053\" style=\"aspect-ratio:1;width:408px;height:auto\" srcset=\"https:\/\/www.etudeconcert2.ch\/wp-content\/uploads\/IMG_8762-2.jpg 320w, https:\/\/www.etudeconcert2.ch\/wp-content\/uploads\/IMG_8762-2-160x160.jpg 160w\" sizes=\"(max-width: 320px) 100vw, 320px\" \/><\/figure><\/div>\n\n\n<div class=\"wp-block-group is-layout-constrained wp-block-group-is-layout-constrained\"><div class=\"wp-block-group__inner-container\">\n<p>Compos\u00e9e de sept avocat\u00b7e\u00b7s multidisciplinaires, l\u2019\u00c9tude du Concert est situ\u00e9e \u00e0 la rue du Concert 2 \u00e0 Neuch\u00e2tel. Elle vous accueille du lundi matin au vendredi soir pour des conseils juridiques ponctuels, comme pour des proc\u00e9dures judiciaires complexes.<\/p>\n\n\n\n<p>Ayant choisi de r\u00e9unir des personnalit\u00e9s diff\u00e9rentes au sein de la m\u00eame \u00c9tude, Jean-Fr\u00e9d\u00e9ric <strong>Malcotti<\/strong>, Yves <strong>Grandjean<\/strong>, Marta <strong>Fiedorczuk-H\u00e9nin<\/strong>, \u00a0Jo\u00ebl <strong>Desaules<\/strong>, Christoph <strong>K\u00fcnzi<\/strong> et Dimitri <strong>Paratte<\/strong> travaillent ensemble pour une collaboration productive et une plus grande force de conviction.<\/p>\n\n\n\n<p>Ils vous re\u00e7oivent rapidement et traitent votre dossier avec diligence et professionnalisme.<\/p>\n<\/div><\/div>\n","protected":false},"excerpt":{"rendered":"<p>Compos\u00e9e de sept avocat\u00b7e\u00b7s multidisciplinaires, l\u2019\u00c9tude du Concert est situ\u00e9e \u00e0 la rue du Concert 2 \u00e0 Neuch\u00e2tel. Elle vous accueille du lundi matin au vendredi soir pour des conseils &#8230;<\/p>\n","protected":false},"author":4,"featured_media":0,"parent":0,"menu_order":0,"comment_status":"closed","ping_status":"closed","template":"","meta":{"footnotes":""},"yoast_head":"<!-- This site is optimized with the Yoast SEO plugin v23.5 - https:\/\/yoast.com\/wordpress\/plugins\/seo\/ -->\n<title>\u00c9tude du Concert - \u00c9tude du Concert<\/title>\n<meta name=\"description\" content=\"\u00c9tude d&#039;avocats et avocate ind\u00e9pendants: Conseil, m\u00e9diation, proc\u00e8s, curatelle, en fran\u00e7ais allemand anglais polonais ou espagnol\" \/>\n<meta name=\"robots\" content=\"index, follow, max-snippet:-1, max-image-preview:large, max-video-preview:-1\" \/>\n<link rel=\"canonical\" href=\"https:\/\/www.etudeconcert2.ch\/\" \/>\n<meta property=\"og:locale\" content=\"fr_FR\" \/>\n<meta property=\"og:type\" content=\"article\" \/>\n<meta property=\"og:title\" content=\"\u00c9tude du Concert - \u00c9tude du Concert\" \/>\n<meta property=\"og:description\" content=\"\u00c9tude d&#039;avocats et avocate ind\u00e9pendants: Conseil, m\u00e9diation, proc\u00e8s, curatelle, en fran\u00e7ais allemand anglais polonais ou espagnol\" \/>\n<meta property=\"og:url\" content=\"https:\/\/www.etudeconcert2.ch\/\" \/>\n<meta property=\"og:site_name\" content=\"\u00c9tude du Concert\" \/>\n<meta property=\"article:modified_time\" content=\"2025-01-20T08:12:37+00:00\" \/>\n<meta property=\"og:image\" content=\"https:\/\/www.etudeconcert2.ch\/wp-content\/uploads\/IMG_8762-2.jpg\" \/>\n<meta name=\"twitter:label1\" content=\"Dur\u00e9e de lecture estim\u00e9e\" \/>\n\t<meta name=\"twitter:data1\" content=\"1 minute\" \/>\n<script type=\"application\/ld+json\" class=\"yoast-schema-graph\">{\"@context\":\"https:\/\/schema.org\",\"@graph\":[{\"@type\":\"WebPage\",\"@id\":\"https:\/\/www.etudeconcert2.ch\/\",\"url\":\"https:\/\/www.etudeconcert2.ch\/\",\"name\":\"\u00c9tude du Concert - \u00c9tude du Concert\",\"isPartOf\":{\"@id\":\"https:\/\/www.etudeconcert2.ch\/#website\"},\"primaryImageOfPage\":{\"@id\":\"https:\/\/www.etudeconcert2.ch\/#primaryimage\"},\"image\":{\"@id\":\"https:\/\/www.etudeconcert2.ch\/#primaryimage\"},\"thumbnailUrl\":\"https:\/\/www.etudeconcert2.ch\/wp-content\/uploads\/IMG_8762-2.jpg\",\"datePublished\":\"2011-10-26T08:39:36+00:00\",\"dateModified\":\"2025-01-20T08:12:37+00:00\",\"description\":\"\u00c9tude d'avocats et avocate ind\u00e9pendants: Conseil, m\u00e9diation, proc\u00e8s, curatelle, en fran\u00e7ais allemand anglais polonais ou espagnol\",\"breadcrumb\":{\"@id\":\"https:\/\/www.etudeconcert2.ch\/#breadcrumb\"},\"inLanguage\":\"fr-FR\",\"potentialAction\":[{\"@type\":\"ReadAction\",\"target\":[\"https:\/\/www.etudeconcert2.ch\/\"]}]},{\"@type\":\"ImageObject\",\"inLanguage\":\"fr-FR\",\"@id\":\"https:\/\/www.etudeconcert2.ch\/#primaryimage\",\"url\":\"https:\/\/www.etudeconcert2.ch\/wp-content\/uploads\/IMG_8762-2.jpg\",\"contentUrl\":\"https:\/\/www.etudeconcert2.ch\/wp-content\/uploads\/IMG_8762-2.jpg\",\"width\":320,\"height\":320},{\"@type\":\"BreadcrumbList\",\"@id\":\"https:\/\/www.etudeconcert2.ch\/#breadcrumb\",\"itemListElement\":[{\"@type\":\"ListItem\",\"position\":1,\"name\":\"Accueil\",\"item\":\"https:\/\/www.etudeconcert2.ch\/\"},{\"@type\":\"ListItem\",\"position\":2,\"name\":\"\u00c9tude du Concert\"}]},{\"@type\":\"WebSite\",\"@id\":\"https:\/\/www.etudeconcert2.ch\/#website\",\"url\":\"https:\/\/www.etudeconcert2.ch\/\",\"name\":\"\u00c9tude du Concert\",\"description\":\"Une \u00e9tude d&#039;avocat\u00b7e\u00b7s proche de vous\",\"potentialAction\":[{\"@type\":\"SearchAction\",\"target\":{\"@type\":\"EntryPoint\",\"urlTemplate\":\"https:\/\/www.etudeconcert2.ch\/?s={search_term_string}\"},\"query-input\":{\"@type\":\"PropertyValueSpecification\",\"valueRequired\":true,\"valueName\":\"search_term_string\"}}],\"inLanguage\":\"fr-FR\"}]}<\/script>\n<!-- \/ Yoast SEO plugin. -->","yoast_head_json":{"title":"\u00c9tude du Concert - \u00c9tude du Concert","description":"\u00c9tude d'avocats et avocate ind\u00e9pendants: Conseil, m\u00e9diation, proc\u00e8s, curatelle, en fran\u00e7ais allemand anglais polonais ou espagnol","robots":{"index":"index","follow":"follow","max-snippet":"max-snippet:-1","max-image-preview":"max-image-preview:large","max-video-preview":"max-video-preview:-1"},"canonical":"https:\/\/www.etudeconcert2.ch\/","og_locale":"fr_FR","og_type":"article","og_title":"\u00c9tude du Concert - \u00c9tude du Concert","og_description":"\u00c9tude d'avocats et avocate ind\u00e9pendants: Conseil, m\u00e9diation, proc\u00e8s, curatelle, en fran\u00e7ais allemand anglais polonais ou espagnol","og_url":"https:\/\/www.etudeconcert2.ch\/","og_site_name":"\u00c9tude du Concert","article_modified_time":"2025-01-20T08:12:37+00:00","og_image":[{"url":"https:\/\/www.etudeconcert2.ch\/wp-content\/uploads\/IMG_8762-2.jpg"}],"twitter_misc":{"Dur\u00e9e de lecture estim\u00e9e":"1 minute"},"schema":{"@context":"https:\/\/schema.org","@graph":[{"@type":"WebPage","@id":"https:\/\/www.etudeconcert2.ch\/","url":"https:\/\/www.etudeconcert2.ch\/","name":"\u00c9tude du Concert - \u00c9tude du Concert","isPartOf":{"@id":"https:\/\/www.etudeconcert2.ch\/#website"},"primaryImageOfPage":{"@id":"https:\/\/www.etudeconcert2.ch\/#primaryimage"},"image":{"@id":"https:\/\/www.etudeconcert2.ch\/#primaryimage"},"thumbnailUrl":"https:\/\/www.etudeconcert2.ch\/wp-content\/uploads\/IMG_8762-2.jpg","datePublished":"2011-10-26T08:39:36+00:00","dateModified":"2025-01-20T08:12:37+00:00","description":"\u00c9tude d'avocats et avocate ind\u00e9pendants: Conseil, m\u00e9diation, proc\u00e8s, curatelle, en fran\u00e7ais allemand anglais polonais ou espagnol","breadcrumb":{"@id":"https:\/\/www.etudeconcert2.ch\/#breadcrumb"},"inLanguage":"fr-FR","potentialAction":[{"@type":"ReadAction","target":["https:\/\/www.etudeconcert2.ch\/"]}]},{"@type":"ImageObject","inLanguage":"fr-FR","@id":"https:\/\/www.etudeconcert2.ch\/#primaryimage","url":"https:\/\/www.etudeconcert2.ch\/wp-content\/uploads\/IMG_8762-2.jpg","contentUrl":"https:\/\/www.etudeconcert2.ch\/wp-content\/uploads\/IMG_8762-2.jpg","width":320,"height":320},{"@type":"BreadcrumbList","@id":"https:\/\/www.etudeconcert2.ch\/#breadcrumb","itemListElement":[{"@type":"ListItem","position":1,"name":"Accueil","item":"https:\/\/www.etudeconcert2.ch\/"},{"@type":"ListItem","position":2,"name":"\u00c9tude du Concert"}]},{"@type":"WebSite","@id":"https:\/\/www.etudeconcert2.ch\/#website","url":"https:\/\/www.etudeconcert2.ch\/","name":"\u00c9tude du Concert","description":"Une \u00e9tude d&#039;avocat\u00b7e\u00b7s proche de vous","potentialAction":[{"@type":"SearchAction","target":{"@type":"EntryPoint","urlTemplate":"https:\/\/www.etudeconcert2.ch\/?s={search_term_string}"},"query-input":{"@type":"PropertyValueSpecification","valueRequired":true,"valueName":"search_term_string"}}],"inLanguage":"fr-FR"}]}},"_links":{"self":[{"href":"https:\/\/www.etudeconcert2.ch\/index.php?rest_route=\/wp\/v2\/pages\/50"}],"collection":[{"href":"https:\/\/www.etudeconcert2.ch\/index.php?rest_route=\/wp\/v2\/pages"}],"about":[{"href":"https:\/\/www.etudeconcert2.ch\/index.php?rest_route=\/wp\/v2\/types\/page"}],"author":[{"embeddable":true,"href":"https:\/\/www.etudeconcert2.ch\/index.php?rest_route=\/wp\/v2\/users\/4"}],"replies":[{"embeddable":true,"href":"https:\/\/www.etudeconcert2.ch\/index.php?rest_route=%2Fwp%2Fv2%2Fcomments&post=50"}],"version-history":[{"count":39,"href":"https:\/\/www.etudeconcert2.ch\/index.php?rest_route=\/wp\/v2\/pages\/50\/revisions"}],"predecessor-version":[{"id":3138,"href":"https:\/\/www.etudeconcert2.ch\/index.php?rest_route=\/wp\/v2\/pages\/50\/revisions\/3138"}],"wp:attachment":[{"href":"https:\/\/www.etudeconcert2.ch\/index.php?rest_route=%2Fwp%2Fv2%2Fmedia&parent=50"}],"curies":[{"name":"wp","href":"https:\/\/api.w.org\/{rel}","templated":true}]}}